+ 3*n**2 - 15. Is i(8) a composite number?
False
Let d(g) = -9*g - 92. Let x be d(-10). Is (1410/18)/(x/(-6)) prime?
False
Suppose 0 = -62*l - 31*l + 7*l + 90822794. Is l a composite number?
True
Suppose 0 = -2*w - 5*v + 2501, 3*w = -3*v + 7*v + 3740. Let q = -529 + w. Is q a prime number?
True
Suppose 0 = -18*n + 335*n - 7960187. Is n prime?
True
Is (-2806892)/(-13 - -2) + 0 + 5 + -4 prime?
True
Let j(p) = -3*p + 9. Let s be j(9). Let l(n) = n - 2. Let z be l(s). Is (-8488)/z*5*(-2)/(-4) a prime number?
True
Suppose 37*c = 20764 + 39768. Suppose 5*j = -2069 - 356. Let r = c + j. Is r a prime number?
True
Let q = 88 - 16. Let t = 69 - q. Is -2 - t - 74*-3 a composite number?
False
Suppose -26*c + 51560115 = 61*c. Is c composite?
True
Suppose 5*t = -6*t + 655710. Suppose j = 4*n - t, -2*n + j = 4*j - 29812. Is n prime?
False
Suppose 29 = -7*y + 78. Suppose -7883 + 2220 = -y*o. Is o a composite number?
False
Let p(i) = 2*i**2 - 7. Let d be p(-3). Suppose d = -u + 12. Is (-1 + u/2)*(-164 + -2) prime?
True
Let k = 4464146 + -3131757. Is k a composite number?
False
Is -2*((492/(-156) - -3) + 176005225/(-130)) a composite number?
True
Suppose -2*f - m = -43472, -5*f + 10*m + 108683 = 11*m. Is f prime?
True
Suppose 0*j - 5*p = -j + 14, 0 = 3*p - 6. Let d be 1/(-3) + 5264/j. Suppose -z + d + 233 = 5*c, -5*z - 5*c = -2160. Is z prime?
False
Let b(o) = -o**3 + 2*o**2 + o + 2. Let h be b(3). Suppose 2591 = -19*m + 2610. Is 1 + -3 - m*h - -5433 prime?
False
Let k be ((-182868)/30)/(-7) - (-3)/15. Suppose b - 692 = k. Is b prime?
False
Suppose 5*u = 4*h - h + 83, u = h + 15. Suppose -429 = 16*k - u*k. Is k a prime number?
False
Is (-1414)/(-2) + -1*(-60)/(-15) composite?
True
Let q = 7 - -393. Let o(b) = 1386*b + 579*b + q*b + 17. Is o(2) prime?
False
Let w = 66 - 38. Let k = 57 + w. Is k a composite number?
True
Let s = 68324 - 41391. Is s composite?
True
Let y(m) = 56*m**2 + 12*m - 393. Is y(-22) a prime number?
False
Let i(w) = 2*w - 16 + 6 + 2*w. Let y be i(4). Suppose y*m - 2763 = 3*m. Is m a composite number?
True
Suppose 0 = 2*n - 15*f + 18*f - 937, 0 = -3*f - 15. Suppose q - 5*t - 413 = 0, -4*q - n + 2086 = t. Is q prime?
False
Suppose -y - 2*o + 57009 = 0, -3*o - 214165 = -5*y + 70893. Is y a prime number?
False
Let k(r) = -r**3 + 5*r**2 + 13*r - 29. Let l be k(6). Suppose 9*o - l*o = -8, -2*o = 3*z - 10789. Is z composite?
True
Suppose -4*p + 40 = -0*a - 4*a, 36 = -2*a - 2*p. Is -158*1*(13 + a) a composite number?
True
Suppose -15*j - 100 = -10*j. Let i(s) = -107*s - 237. Is i(j) prime?
False
Suppose 76*h - 76650939 - 30948589 = -20254020. Is h a prime number?
True
Let u be ((-82590)/(-7))/((-66)/(-21) - 3). Is u/78 - 2/(-13) prime?
False
Is ((-2)/4)/(8 - (-2375997)/(-296998)) a composite number?
False
Let y(j) = 24566*j - 517. Is y(3) composite?
False
Let i(l) = 3*l**2 - 45*l - 36. Let o be i(16). Suppose -o*n + 17*n - 46915 = 0. Is n a composite number?
True
Let l(x) = 28*x**2 + 10*x**2 - 254*x - 119 + 305*x. Is l(24) a composite number?
False
Let j(f) = -125286*f**3 - f**2 - 40*f - 38. Is j(-1) composite?
False
Let r be 4866/(-4)*3/(54/(-228)). Suppose 9*k - 60292 = -r. Is k a prime number?
True
Is (-4111509)/(-45) - (1 - (-119)/(-105)) prime?
True
Let i(t) = -3050*t - 2117. Is i(-45) composite?
True
Suppose 2*d + 69*y - 52615 = 68*y, -3*y - 9 = 0. Is d composite?
False
Let b(j) = -103*j + 2. Let d(y) = -102*y + 3. Let k(z) = 2*b(z) - 3*d(z). Let h(r) = -r**2 - r + 3. Let t be h(0). Is k(t) a composite number?
True
Let u be 8*(4 - (-7)/(-2)) + 3940. Suppose u = 2*m + 5*n - 5773, -4*m = 2*n - 19458. Suppose h + 6963 = 3*q - m, -q + 3943 = 5*h. Is q prime?
True
Let m(i) = -130*i**3 + 88*i**2 + 47*i - 37. Is m(-20) a composite number?
False
Let u = 15 - 24. Let w(y) = 87*y - 10. Let l be w(u). Let h = 1914 - l. Is h a prime number?
True
Let i be (-12)/(-78) + (-1696470)/(-26). Suppose 5*g - i = -2519. Is (-7)/(42/g)*(-1)/3 a prime number?
False
Let u(z) = -93059*z + 714. Is u(-5) a composite number?
False
Let h be 6 - (204/(-1) - (-10 + 15)). Suppose -2*q - 3152 - h = -3*i, q = -3*i + 3361. Is i a prime number?
False
Suppose 6*i = 264 + 108. Let f be i/(-22) + (-10)/55. Let h(l) = 115*l**2 - 9*l - 1. Is h(f) a prime number?
True
Suppose -31*a + 24*a = -9681. Let i = -344 + a. Is i composite?
False
Let r(s) = 86*s**3 + 14*s**2 - s - 7. Is r(10) composite?
False
Suppose 3*o - 114839 - 7287 = -k, -2*o + 81422 = -4*k. Is o a prime number?
True
Let h(w) = -4*w**2 + 3*w + 15. Let a be h(-4). Let g = a + 408. Is g a composite number?
False
Let a(x) = 6*x + 7*x + 7 - 4*x - 10*x. Let b be a(3). Suppose -5*v - b*k + 11615 = 0, 2*v - 2460 = -2*k + 2184. Is v prime?
False
Is -2*(-1)/(-2) + (85/(-17) - -186499) a composite number?
True
Let q = 30 + -17. Suppose 0 = 3*c - 5*l + l + 20, 0 = 3*c + 5*l - 25. Suppose -q*t + 20*t - 231 = c. Is t prime?
False
Is (13/((-260)/(-1060)))/((-51231)/25617 - -2) prime?
False
Suppose 3646 - 29471 = -5*n - 5*f, -2*f - 25811 = -5*n. Is n prime?
False
Suppose 48 = -4*s + 7*s. Suppose 2*u + s = -12. Let t(v) = -v**3 - 12*v**2 + 8*v - 27. Is t(u) a composite number?
True
Suppose -22 = 2*w - 3*c, -5*w + 2*w = 3*c + 18. Is (0 - -1)/((-2830)/354 - w) composite?
True
Suppose 7*s - 13*s = -12. Suppose -5*t = -s*m - 29, -4*m = t + t - 2. Suppose 0 = -3*q - t*q + 11176. Is q a composite number?
True
Suppose 0 = 3*d - 3*o + 908019, -14*o = -3*d - 16*o - 908004. Is 6/(-24) - d/24 a composite number?
False
Let i(l) = -l**3 - 23*l**2 + 25*l + 27. Let q be i(-24). Suppose -q*z + 8*z = 45. Suppose -z*t = 310 - 3739. Is t a composite number?
True
Is -2*-5*(-55)/(-50) + 514598 composite?
True
Let g = 121 - 111. Let v be g/4 + (26/4 - 5). Suppose -1970 = -5*c + 3*p, -v*c = p + p - 1598. Is c composite?
False
Suppose -170*j + 164*j + 18 = 0. Suppose j*d + 2*g - 15521 = 6*g, 3*d = -4*g + 15481. Is d prime?
True
Let s = 106 - 108. Let u(f) = -1154*f**3 - 3*f**2 - 6*f - 4. Let o be u(s). Suppose c - o = -11*c. Is c composite?
False
Suppose -5*w - 4*d + 56 = 0, 3*d - 12 = -w + 2*d. Suppose 2*r - 32050 = -w*r. Is r composite?
True
Is 6/78 + -6 + 7549512/52 composite?
False
Let t = 146 + -89. Let x = -50 + t. Suppose 15647 = x*b - 600. Is b prime?
False
Let i(w) = -6*w - 8 + 20 + 4 - w**2. Let b be i(-8). Suppose 8*h - h - 3353 = b. Is h prime?
True
Suppose -8518 = -5*j + 7*j. Let s = j - -7222. Is s a composite number?
False
Let p = 120 - 117. Suppose 0 = -p*y + 3857 + 2254. Let l = 3230 - y. Is l a prime number?
True
Let c = -151497 + 270284. Is c prime?
True
Let u be (-20)/((-4)/(-96)*-3). Let h be u/((18/(-4))/9). Let f = -111 - h. Is f a prime number?
False
Let u(g) be the first derivative of -31*g**4/4 + 2*g**3/3 - g + 14. Let q be u(-1). Let c = -9 + q. Is c a prime number?
True
Let h be (-5226)/(-130) - 2/10 - 0. Suppose 37*z - h*z = -2586. Is z a composite number?
True
Let a = -296 - -718. Let n = a - 185. Is n prime?
False
Suppose -27*a + 135*a - 955159 = 115877. Is a prime?
False
Let m = -12 - 12. Let r be m/(-14) - -3*(-8)/(-84). Suppose 8491 = r*x + 5*x. Is x a prime number?
True
Let g be (-5)/(25/(-52)) + (-10)/25. Let t = -9 + g. Is 254/((-8)/(-4))*t a composite number?
False
Let k(g) = 85*g**2 - 13*g - 31. Suppose u - 446 = -437. Is k(u) a prime number?
True
Suppose 0 = -5*v + 277 + 323. Is ((-2260)/(-6))/(16/v*5) a composite number?
True
Let t(k) = -267*k**3 - 7*k**2 + 7*k + 19. Let u be t(-6). Suppose 31*j - 460118 = -u. Is j a composite number?
True
Let r(q) = 19*q**2 - 5*q + 11. Let k be 351/6 + -1*1/2. Let f = 50 - k. Is r(f) a prime number?
False
Let s(j) be the second derivative of 149/2*j**3 + j**2 + 2*j - 4. Is s(1) a composite number?
False
Is (-50805667)/(-590) - 3/10 a prime number?
True
Suppose -21*j + 8 = -19*j. Let u(s) = 4131*s**2 - s - 7. Is u(j) prime?
False
Suppose 10*x = 5*x + 90. Let f be (2/(-3))/(4/x). Is ((-2817)/(-6) + f)*4/3 prime?
False
Suppose -2*n + 12 = 4*t, -t + 2*n - 3 = -6. Suppose -8*p + 3*r = -10*p + 7805, -3*p + 11730 = -t*r. Is p a composite number?
False
Let r = 114 + -51. Suppose 0 = 5*x + 2*b - 706, 2*x - 183 = -4*b + 93. Let z = x - r. Is z prime?
True
Let k = -584 + 4693. Is k a composite number?
True
Let m = 452916 + -254455. Is m prime?
True
Let i(d) = 2*d + 24. Let y be i(-11). Suppose 